*w - 2 = 7. Suppose -3*q + 51 = -0*q - w*s, 29 = 2*q + 3*s. What is the units digit of q?
6
Let p(t) = -t**3 + 9*t**2 - 9*t + 11. Let u be p(8). Let i be 2/u - 94/6. What is the units digit of (i/(-4))/((-3)/(-12))?
5
Let o(a) = -a**3 - 13*a**2 - 9*a + 42. What is the units digit of o(-13)?
9
Suppose -2*i - 163 = -4*i + f, 0 = 2*f - 10. What is the units digit of i?
4
Let b(h) = 13*h**3 - 5*h**2 - 7*h - 19. Let g(r) = -6*r**3 + 3*r**2 + 3*r + 9. Let m(f) = -4*b(f) - 9*g(f). What is the units digit of m(4)?
5
Let l = -312 - -465. What is the hundreds digit of l?
1
Let i = -290 - -524. Suppose -3*f = -9, 5*q + 2*f - i = 4*f. What is the tens digit of q?
4
Let b(q) = -3*q**3 - 19*q + 5. What is the hundreds digit of b(-4)?
2
Let t be (-36)/(-8)*(-8)/6. What is the units digit of 0/2 - t/3?
2
Let v(d) = -d**2 - 17*d - 15. What is the tens digit of v(-6)?
5
Suppose f + 0*f = 24. Suppose 3*k = -2*p + f, -3*k = -k - 3*p - 29. What is the tens digit of k?
1
Suppose -6 = 4*o - o. Let r = 5 + o. Suppose 4*c - 61 = r. What is the units digit of c?
6
Let m(n) = -n**3 + 3*n**2 + 3*n + 4. Let j be m(4). Suppose j = -0*v - 2*v + 30. What is the units digit of v?
5
Let x = 1 + 2. Let h(o) = -o**2 + 6*o - 3. What is the units digit of h(x)?
6
Let l = -12 + 15. Suppose -l*r = 6 - 93. What is the tens digit of r?
2
What is the hundreds digit of (-1593)/(-8) - (-1)/(-8)?
1
Suppose 6*p = 3*p + 2*t + 28, -4*p + 44 = -4*t. What is the tens digit of 11 - 8/p*-3?
1
Let a(c) = c**2 - 2*c + 4. Let i = 5 - 2. What is the units digit of a(i)?
7
Suppose 0 = -2*s + 3*s - 5*l + 4, s = 4*l - 2. Let p = -2 + s. What is the units digit of p?
4
Let u = 1 - -3. Suppose -3*b = -u*d - 28, 3*b - 3*d = -0*b + 24. What is the units digit of b?
4
Let u = 16 - 11. Suppose l + u = 2. Let q = 9 - l. What is the tens digit of q?
1
Let w(j) = 2*j - 2. Let u be w(2). Let a(q) = -u*q + 4*q - 2 - 3*q - 6*q. What is the tens digit of a(-2)?
1
Let l(n) = n - 18. Let k be l(16). What is the units digit of 7/21*(-6)/k?
1
Suppose 7*s = 3*s + 12. Let w be (-4 - -1)/(-3) + 34. Suppose 0 = 4*h - w + s. What is the units digit of h?
8
Let u(j) = j**3 + 10*j**2 - 2*j + 14. What is the units digit of u(-10)?
4
Let k(h) be the third derivative of -h**4/4 + h**3/3 - 12*h**2. Let g = 3 + -6. What is the units digit of k(g)?
0
Let d(l) = -37*l**3 + 2*l**2 + 4*l + 2. What is the tens digit of d(-2)?
9
Suppose 4*n - 242 = 54. What is the tens digit of n?
7
Let i(f) = -4*f. Let x be i(-1). Suppose -4*l = -x - 16. Suppose y - 1 + 0 = -3*w, 4*y = l*w - 13. What is the units digit of w?
1
Let f(c) = -2*c**3 + 2*c**2 + 7*c. What is the tens digit of f(-3)?
5
Let g(c) = -3*c**3 + 3*c**2 - 2*c. Let t be g(3). Let m be 3*(-3)/(27/t). Suppose -4*u = m, -u - 21 = -2*p + 2*u. What is the units digit of p?
3
Suppose -15 = -3*g, b + 2*g = 2*b + 6. Let s = -4 - -15. Let r = s - b. What is the units digit of r?
7
Let a(h) be the second derivative of -h**4/12 + 5*h**3/3 + 2*h**2 + 7*h. What is the units digit of a(5)?
9
Suppose -b = -g + 135 - 29, g + 5*b - 124 = 0. What is the units digit of g?
9
Suppose 170 + 94 = 8*o. What is the units digit of o?
3
Let y = 1 + 9. Suppose -y = -3*h + h. What is the units digit of h?
5
Let h be (-11 - -11)/(0 + 1). Suppose -5*l = 3*g - 0*l - 145, 4*g - 2*l - 176 = h. What is the units digit of g?
5
Suppose -3*f = -5*w - 5, 0*w - 6 = -3*w. Let h = f - -3. What is the units digit of h?
8
Let l(f) = -f**3 + 3*f**2 + 4*f + 2. Let o be l(4). Suppose -o*w + 20 = 3*w. Suppose 4*g - 12 = w. What is the units digit of g?
4
Suppose 4*a - 833 = -3*a. What is the tens digit of a?
1
Let b = 2 - -1. Suppose -b*z + 40 = -77. What is the units digit of 1 + z/(2 + 1)?
4
Let g = -237 + 485. What is the tens digit of g?
4
Suppose 0 = 7*m - 614 - 51. What is the tens digit of m?
9
What is the tens digit of (171/(-27))/((-2)/6)?
1
Let d(s) be the third derivative of 19*s**4/24 + s**3/2 - 8*s**2. What is the units digit of d(2)?
1
Let i(t) = -t**2 + 6*t - 6. Let s be i(5). Let m be s*(-9)/(3 - 0). Let j = m + 1. What is the units digit of j?
4
Suppose 5*k - 7*k + 6 = 0. What is the units digit of k?
3
Suppose u + 4*d + 8 = -3*u, -5*d - 30 = -5*u. What is the tens digit of (-1)/2 - (-23)/u?
1
Suppose -6*k + 2104 = 676. What is the hundreds digit of k?
2
Let o(f) = 4*f**2 + 1. Let c be (4/12)/(1/15). Suppose g + w + 5 = 0, -22 = 2*g - 0*g + c*w. What is the units digit of o(g)?
5
Let g be 3 + 5*(-24)/3. Let i = g + 53. What is the tens digit of i?
1
Let p = 42 + -84. Let u = -30 - p. Suppose -6 = -2*s + u. What is the units digit of s?
9
What is the tens digit of (-783)/(-36) - (-3 + 15/4)?
2
Let x = -5 + 3. Suppose 5*d = 2*d. Let m = d - x. What is the units digit of m?
2
Suppose -s + 2 = 6. What is the units digit of (-47)/s + 2/8?
2
Suppose t - 3*g = -2*g + 6, 0 = -3*t + 4*g + 23. Suppose -27 = -4*l + t. Let p = 0 + l. What is the units digit of p?
7
Let l(z) be the third derivative of -z**5/60 - 11*z**4/24 + z**3/3 - 5*z**2. What is the tens digit of l(-8)?
2
Let t = 39 - -38. What is the tens digit of t?
7
Let s(o) = 8*o**3 + 2*o**2 + o. Let g be s(-1). Let t = g + 11. What is the units digit of 30/t - 3/(-6)?
8
Let u be (-17)/((3 - 2)*-1). Suppose m - 117 = -4*l, 4*l + 3*m - u - 110 = 0. What is the units digit of l?
8
Let u = -24 - -15. Let h be 7/u - (-2)/(-9). What is the units digit of (1 - 0/h)*1?
1
Suppose -4*y - 5*a = y - 5, 5*a = y + 17. Let f(w) = -2*w + 2. What is the units digit of f(y)?
6
Suppose 66 + 30 = 2*i. What is the units digit of i?
8
Suppose -119 = -3*u + 5*w, 5*u - w = -4*w + 187. What is the units digit of u?
8
Suppose 0 = 7*s - 3*s + 2*n - 6, 3*s - 6 = -n. Suppose 5*w + 24 = 5*y - 21, 0 = 3*y + 3*w - 27. Suppose s = 3*d - y. What is the units digit of d?
4
Let g be (-218)/(-6) + 2/3. Let s = -22 + g. What is the tens digit of s?
1
Let q(n) = n**3 + 7*n**2 + 5. Let r be q(-7). Let u(k) = k**3 - 5*k**2 + 5*k + 6. Let v be u(5). Suppose r*y = v + 9. What is the units digit of y?
8
Let z(u) = -u - 4. Let f be z(-3). Let c be f - (-59 - (-2)/1). Suppose s + c = 5*s. What is the tens digit of s?
1
What is the units digit of (-17 + 7)*(-2)/4?
5
Suppose -54*a = -59*a + 705. What is the tens digit of a?
4
Suppose -3*m + 2*m + 3 = 0. Suppose -r = m*r - 72. What is the tens digit of r?
1
Suppose 4*c = 3*c + 3. Suppose w = -k + 22, -k + 104 = c*k - 4*w. Suppose 0 = b + 2*l + 3, -b + 4*b - 5*l - k = 0. What is the units digit of b?
3
Suppose o = 5*g - 54, -2*g - o - 4*o = -27. What is the units digit of g?
1
Let w = 449 + -265. What is the units digit of w?
4
Suppose -2*l - 84 = -3*l - 2*b, 0 = -5*b. What is the tens digit of 1/2 - l/(-8)?
1
Let z(q) = q**2 - 2*q - 3. Let h be z(-4). Suppose 4 = 4*n + 4*i, 5*i = -n - n - 1. Suppose n*o - h = -o. What is the units digit of o?
7
Let s = -11 - -15. Let h = 5 + -11. What is the units digit of (-6)/s*16/h?
4
Suppose 48 = -w - 3*w. Let j = w - -27. Suppose 2*a - j = -3*a. What is the units digit of a?
3
Suppose 54 + 13 = h. What is the units digit of h?
7
What is the hundreds digit of ((-128)/(-48))/(1/117)?
3
Let d = 89 - 38. What is the tens digit of d?
5
Let c(b) = -b**3 + 3*b**2 + 3*b - 7. Let u be c(3). Suppose -u*s + s + 6 = 0. What is the units digit of s?
6
Let g(c) = c**2 - 2*c + 2. Let i(x) = -x - 2. Let v be i(-4). Let b be g(v). Suppose 0 = -b*z + 3*z - 5. What is the units digit of z?
5
Let t be ((-12)/9)/4*-15. Suppose 5*q = 5*m - t, -q = -5*q - 5*m - 4. Let f = 7 - q. What is the units digit of f?
8
Let m be (-1 - -3) + 0 + 1. Let i be (4/6)/(4/(-66)). What is the tens digit of i*(-3 + m + -1)?
1
What is the tens digit of (1 + 4)/(31/2666)?
3
What is the units digit of -2 + 1/(-1) + 59?
6
Suppose 5*u + 15 = -5*i, -3*u - 3*i + 5*i = -11. What is the units digit of u?
1
Let f(q) = -q**3 + 7*q**2 - 3*q - 9. What is the units digit of f(4)?
7
Let k be (-9)/(-5) + 2/10. Let u be 3/(10/(-16) + 1). Suppose -i - u = -k*i. What is the units digit of i?
8
Let k(v) = -v**3 + 8*v**2 - 8*v + 3. What is the tens digit of k(6)?
2
What is the tens digit of -1*3/((-6)/62)?
3
Let m(q) = -q**2 - 6*q - 10. Let z be m(-4). Let u(k) = k - 8. Let c be u(6). What is the units digit of 1 + (c - -2)/z?
1
Suppose 0 = 2*c + 3 + 3, -2*i - 3*c = 5. What is the un